4*x - 8*x. Let m = x + 39. Suppose -4*u - 12 = -m*u, v + 5*u = -21. What is o(v)?
-4
Suppose 1870 = -65*b + 10*b. Let w(x) = -x**2 - 28*x + 196. Give w(b).
-8
Let t(j) = -3*j**3 - 27*j**2 + 11*j + 29. Let x(u) = 5*u**3 + 41*u**2 - 16*u - 44. Let r(g) = -8*t(g) - 5*x(g). Let h = 4592 + -4582. Determine r(h).
8
Let r(j) = -85*j**2 - 28*j + 10. Let a(m) = -156*m**2 - 56*m + 18. Let g(k) = 6*a(k) - 11*r(k). Determine g(-28).
-2
Let u(y) be the second derivative of 0 - 5/2*y**2 + 5/6*y**3 - 73*y. What is u(8)?
35
Suppose -3*r - 4 = -5*j, -3 + 24 = -7*r. Let g(h) = -97*h - 2. Calculate g(j).
95
Let x(c) = 5*c**2 + 47*c**2 + c**3 + 78267 - 54*c - 78327. What is x(-53)?
-7
Let l be (0 - 1)/(1*(-7)/644). Let a be ((-506)/l + 1*5)*-18. Let f(k) = -k**2 + 8*k + 13. What is f(a)?
4
Let d be 4/4*2*(39/(-6) - -6). Let f(o) = -24*o**3 + o + 1. Determine f(d).
24
Suppose -2*k = 9*j - 8*j + 3, -2*k = 8. Suppose -m - 13 = m - j*f, m = -2*f - 11. Let g(r) = -r**3 - 9*r**2 + r + 13. Determine g(m).
4
Let q(p) = 20 + 18*p**2 - 7674117*p - 19 + 7674117*p. Let k(u) = 2*u - 1. Let w be k(1). Determine q(w).
19
Let g(u) = -10*u - 5. Let x(i) = 1. Let a(f) = -7*f - 8. Let z(t) = a(t) + 4*x(t). Let r(q) = -5*g(q) + 6*z(q). Give r(1).
9
Let t be 35*(-57)/133 + 6. Let u(q) = 19*q + 156. What is u(t)?
-15
Let z be 0/3 + (-3)/(-3)*2. Let p(j) = 3*j + 2*j - 4*j + z. Let d be (-3 + 1 - 9) + 3. Calculate p(d).
-6
Let a(g) be the third derivative of -7*g**6/120 + 25*g**4/24 + 25*g**3/6 - 167*g**2 + 2. Determine a(-1).
7
Let c(m) = -9*m**3 + 2*m**2 - 1. Let x(p) = -10*p - 7. Let l be x(-2). Let f = 15 - l. Suppose -f*y + 8 = -5*a, 3*y - y - 6 = 4*a. Give c(y).
10
Let b(l) = l**3 + 39*l**2 - 38*l + 79. Let g be (-1572)/39 - (-132)/429. What is b(g)?
-1
Suppose -3*g + 32 = -2*u + 23, -2*g = -5*u - 6. Let m(k) = -7*k + 16. What is m(g)?
-5
Let j(c) = -c**3 - 23*c**2 + 22*c - 73. Let k(f) = 2*f**3 - 27*f**2 - 13*f + 314. Let b be k(13). Calculate j(b).
-25
Let u(a) = -9*a + 3*a + 109 - 1804*a**2 + 1803*a**2. Let d be u(-14). Let z(j) = -j**2 - 3*j + 3. Give z(d).
3
Let c(w) = 3*w**3 + 2*w**2 + 71*w + 71. Let m be c(-1). Let n(l) be the second derivative of -13*l**4/12 + l**3/6 + l**2/2 + l. What is n(m)?
-13
Let t(n) = -36*n + 18. Let q be t(-8). Suppose 11*i = -53 + q. Let l(w) = i - 3*w - 11 - 13 + 2*w. Determine l(-4).
3
Let m(u) = 35*u + 61 - 48*u + 10*u. What is m(16)?
13
Let q(f) = 2*f**3 + 14*f**2 + 29*f + 37. Let l be q(-5). Let y(p) be the second derivative of -p**4/12 - 7*p**3/6 + 2*p**2 - p. What is y(l)?
-4
Let p = -25 + 33. Suppose 2*l = 6*z - z - 4, 2*l + z - p = 0. Let u be (0 + (-22)/(-6) + -2)*l. Let h(y) = -3*y + 4. What is h(u)?
-11
Let a(u) = -2*u + 10. Let x(f) = 74*f**2 - 37*f**2 + 12 - 36*f**2 - 5*f. Let y be x(3). Determine a(y).
-2
Let z(y) = -4*y**3 - 2*y**2 + y. Let d(g) = -g**3 + 112*g**2 - 138*g + 2998. Let q be d(111). Calculate z(q).
-5
Let t = -537 - -587. Let o be (-250)/t - (-20)/2. Let m(v) = -3*v + 19. What is m(o)?
4
Let x be 6/(15/(-6) + 4). Suppose s - 4*q = x, -s - q - 2*q + 4 = 0. Suppose 0 = -s*p + 2*f - 3 - 7, -f + 6 = -3*p. Let d(w) = -13*w**2 + 1. What is d(p)?
-12
Let u(g) = -7*g**2 + 11*g + 9. Let s(v) = -v**2 + 2*v. Let p(w) = 6*s(w) - u(w). Give p(-4).
3
Let j(f) = f + 42. Let l be j(-27). Suppose 0 = 5*z + 15, -2*t - 4*z + l = -61. Suppose -42*q = -t*q. Let v(y) = y - 16. Give v(q).
-16
Let z(u) = -3*u - 52. Let s(w) = w + 26. Let t(r) = -5*s(r) - 2*z(r). Let o be (-85)/(-34) + (32/(-96) - 39/18). Give t(o).
-26
Suppose -8*h - 112 + 96 = 0. Let r(c) = 16*c**3 + 10*c**2 + c + 16. Let k(n) = -3*n**3 - 2*n**2 - 3. Let i(g) = h*r(g) - 11*k(g). Give i(-4).
-23
Let p(n) = 34*n + 3162. Let v be p(-93). Suppose 5*o + 0 = 10. Let k(t) = 3 - t**3 - t - t**o - 3 + 12. Determine k(v).
12
Let r = -12 - -22. Suppose 16 = r*z - 8*z. Suppose -3*l + 3*x + 24 = 0, 3*x + 2 = 2*l + z*x. Let f(a) = a**2 - 7*a + 2. Determine f(l).
-4
Suppose p - 3*u + 21 = 1, 3*p + 60 = -u. Let y be ((-8)/10)/((-8)/p). Let t(c) = c**2 - c + 1. Calculate t(y).
7
Let l(y) = y**2 + 7*y - 4. Suppose 29 + 25 = 6*v. Let i be (-2)/v*1 - (-52)/(-9). Calculate l(i).
-10
Let k(p) = -19*p + 13. Suppose -7*h = -16 + 51. Let i(x) = -38*x + 21. Let v(g) = h*k(g) + 3*i(g). Calculate v(-1).
17
Suppose 171*l + 321*l = 3936. Let p(m) = -14*m + 68. Calculate p(l).
-44
Let z = 274 + -143. Let w(b) = -z - 12*b + 133 + 2*b. Determine w(-3).
32
Let g(c) = 15*c**3 - 31*c**2 + 21*c + 3. Let d(t) = -t**3 + 5*t**2 - 3*t. Let j(m) = 6*d(m) + g(m). What is j(-2)?
-79
Suppose 0 = a - 5*i + 4, -21*a + 20*a - 3*i = -20. Let r(o) = -o**3 + 13*o**2 - 15*o - 12. What is r(a)?
65
Let u be 456/(-28)*(-56)/12. Let x(d) = 71*d**3 - 148*d**3 + 2*d + u*d**3 - 3*d**2. Suppose 3*f - 1 + 10 = 0. Give x(f).
-6
Suppose 10 = -5*q, q - 4 + 6 = 2*s. Let x be 64/3 - 10/(-15). Let t(f) = -4*f - 8 + x + 5*f. Determine t(s).
14
Let x(o) = 20*o - 32*o + 4*o + 63 + 34*o + 7*o - o**2. Calculate x(35).
-7
Let y(r) be the third derivative of r**4/4 - 13*r**3/6 - 382*r**2. Give y(7).
29
Let o(i) = 13*i**2 + 89*i + 12. Let t(x) = 18*x**2 + 129*x + 19. Let f(r) = -7*o(r) + 5*t(r). Give f(23).
-12
Let w(d) be the second derivative of -7/6*d**3 - 9*d - 8*d**2 - 1/12*d**4 + 0. Let u(h) be the first derivative of w(h). Give u(-5).
3
Let d = -8 - -15. Suppose 5*g + 41 = h + 3*h, 3*g = -2*h - d. Let s(z) be the first derivative of z**2/2 - 3*z - 22. Calculate s(h).
1
Let j = -138 + 379. Let a = -247 + j. Let q(v) = -v**2 - 7*v - 3. Calculate q(a).
3
Let n(f) = 1. Let b(z) = -3*z - 4. Suppose -2*x - 25 + 19 = -5*y, -2*x = -2*y. Let t(h) = h + 5. Let d be t(-6). Let q(v) = d*b(v) + y*n(v). Determine q(-4).
-6
Let c(y) = 5*y**3 + 11*y**2 - 11*y - 4. Let v(f) = -3*f**3 - 6*f**2 + 6*f + 2. Suppose -89*k + 86*k = 33. Let d(r) = k*v(r) - 6*c(r). Calculate d(2).
26
Suppose 0 = -33*l + 32*l + 25. Let o(i) = -13 - i + l - 24. Let h(y) = y**3 + 6*y**2 + 7*y + 2. Let r be h(-5). Determine o(r).
-4
Let d(a) = -a**3 + 12*a**2 + 4*a - 2. Let z(g) = -g**2 - 1. Suppose 0*m = -7*m - 35. Let r(j) = m*z(j) - d(j). Determine r(7).
-21
Let h(n) = -3*n**3 + 103*n**2 - 131*n - 29. Let k be h(33). Let s(w) = -3*w**3 + 11*w**2 + 15. Calculate s(k).
-1
Let b(q) be the third derivative of 44 + 3*q**2 + 0*q - 1/12*q**5 - 1/60*q**6 - 5/24*q**4 - 1/3*q**3. Give b(-3).
22
Let n(r) = -r**2 - 39*r + 2389. Let g be n(33). Let u(f) = -f**3 + 12*f**2 + 9*f + 25. Give u(g).
-27
Let b(d) = -d**3 - 41*d**2 - 3*d - 119. Let f be (1/(-8) - (-330)/80)*(-410)/40. Determine b(f).
4
Let l(r) = -2*r**3 + 38*r**2 + 39*r + 9. Let b be l(20). Let d(q) = -q**2 - 8*q + 22. Calculate d(b).
-11
Let j(d) = 13*d**2 - 7. Suppose 0 = -4*r - 16, 2*r = -19*x + 22*x + 1. What is j(x)?
110
Let p(a) = 926*a - 67 - 2739*a + 908*a + 923*a + a**2. What is p(-21)?
-4
Let d(u) be the third derivative of u**5/60 + u**4/2 + 8*u**3/3 + 7*u**2 + 83*u. Suppose 0 = 6*f - 3*f + 33. Calculate d(f).
5
Suppose 3*t + 1 = 5*u - 18, 0 = 4*u - 5*t - 23. Let r be (40/(-12))/(2/(-6)). Let o(x) = x - 3*x + r*x. Determine o(u).
16
Let r(w) = 183*w - 1799. Let y be r(10). Let c(a) = 6*a - 189. What is c(y)?
-3
Let x be 7 - (-6 - -7)*4. Let f(c) = x*c**2 + 11*c - 1 + 3*c**2 - 13*c + c**3. What is f(-6)?
11
Let z = -688 - -690. Suppose 0 = -z*g - 3*g + 35. Let u(k) = k**2 - 7*k - 4. Calculate u(g).
-4
Let d(u) = u**3 - 8*u**2 + u. Let p be d(8). Let t(x) = -4 + 3 - 2 - p*x. Suppose -15*o + 13 = -2*v - 12*o, 0 = 2*v + 2*o - 2. Calculate t(v).
13
Suppose 20 = 5*d, 22 = 29*i - 28*i + 4*d. Let h(m) = -14*m + 81. Let o be h(i). Let v(q) = -q**3 - 2*q**2 + 3*q - 4. Give v(o).
-4
Let k(o) be the first derivative of -o**6/360 - 7*o**5/120 + 7*o**4/24 + o**3/3 - 4*o**2 + 36. Let l(b) be the third derivative of k(b). Determine l(-7).
7
Let w(g) = g**2 + 3*g - 6. Let z be w(2). Suppose -j - 11 = -z*r, 3*j - 3*r + 0*r + 6 = 0. Let x(b) = 8*b**3 - 1. Determine x(j).
7
Let n(d) = 7*d**2 - d + 1. Suppose -3*k - 2*k - 5 = 0, -3*a + 3*k + 33 = 0. Suppose -z + a + 3 = 0. Suppose -3*s - z = 2*m, -3*m - 5*s - 27 + 5 = 0. Give n(m).
7
Let i(g) = 115*g**2 - 61*g - 207. Let t(c) = -66*c**2 + 30*c + 103. Let h(w) = -4*i(w) - 7*t(w). Calculate h(-13).
3
Let i be ((-9)/3)/(-2*(-6)/8). Let h = 7 + i. Let g(q) = -4 + 0 + 2 + 1 - h*q. Calculate g(4